[INFO] cloning repository https://github.com/khyperia/Clam
[INFO] running `Command { std: "git" "-c" "credential.helper=" "-c" "credential.helper=/workspace/cargo-home/bin/git-credential-null" "clone" "--bare" "https://github.com/khyperia/Clam" "/workspace/cache/git-repos/https%3A%2F%2Fgithub.com%2Fkhyperia%2FClam", kill_on_drop: false }`
[INFO] [stderr] Cloning into bare repository '/workspace/cache/git-repos/https%3A%2F%2Fgithub.com%2Fkhyperia%2FClam'...
[INFO] running `Command { std: "git" "rev-parse" "HEAD", kill_on_drop: false }`
[INFO] [stdout] 69fe373515df2995de77fa7735a06db07ebbaede
[INFO] building khyperia/Clam against master#ff34b919075f35a1787659e9c448a34b06bab8de for issue-85264
[INFO] running `Command { std: "git" "clone" "/workspace/cache/git-repos/https%3A%2F%2Fgithub.com%2Fkhyperia%2FClam" "/workspace/builds/worker-10/source", kill_on_drop: false }`
[INFO] [stderr] Cloning into '/workspace/builds/worker-10/source'...
[INFO] [stderr] done.
[INFO] validating manifest of git repo https://github.com/khyperia/Clam on toolchain ff34b919075f35a1787659e9c448a34b06bab8de
[INFO] running `Command { std: "/workspace/cargo-home/bin/cargo" "+ff34b919075f35a1787659e9c448a34b06bab8de" "metadata" "--manifest-path" "Cargo.toml" "--no-deps", kill_on_drop: false }`
[INFO] started tweaking git repo https://github.com/khyperia/Clam
[INFO] finished tweaking git repo https://github.com/khyperia/Clam
[INFO] tweaked toml for git repo https://github.com/khyperia/Clam written to /workspace/builds/worker-10/source/Cargo.toml
[INFO] crate git repo https://github.com/khyperia/Clam already has a lockfile, it will not be regenerated
[INFO] running `Command { std: "/workspace/cargo-home/bin/cargo" "+ff34b919075f35a1787659e9c448a34b06bab8de" "fetch" "--manifest-path" "Cargo.toml", kill_on_drop: false }`
[INFO] running `Command { std: "docker" "create" "-v" "/var/lib/crater-agent-workspace/builds/worker-10/target:/opt/rustwide/target:rw,Z" "-v" "/var/lib/crater-agent-workspace/builds/worker-10/source:/opt/rustwide/workdir:ro,Z" "-v" "/var/lib/crater-agent-workspace/cargo-home:/opt/rustwide/cargo-home:ro,Z" "-v" "/var/lib/crater-agent-workspace/rustup-home:/opt/rustwide/rustup-home:ro,Z" "-e" "SOURCE_DIR=/opt/rustwide/workdir" "-e" "CARGO_TARGET_DIR=/opt/rustwide/target" "-e" "CARGO_HOME=/opt/rustwide/cargo-home" "-e" "RUSTUP_HOME=/opt/rustwide/rustup-home" "-w" "/opt/rustwide/workdir" "-m" "1610612736" "--user" "0:0" "--network" "none" "ghcr.io/rust-lang/crates-build-env/linux@sha256:20528e8c29e4536546f0102ce88568b16ea7538393a33fcca951030f7af10457" "/opt/rustwide/cargo-home/bin/cargo" "+ff34b919075f35a1787659e9c448a34b06bab8de" "metadata" "--no-deps" "--format-version=1", kill_on_drop: false }`
[INFO] [stdout] bc336588f1617b5218cc8e1f0e1830b73b83351d6d93aa6084bc76e55df8509f
[INFO] [stderr] WARNING: Your kernel does not support swap limit capabilities or the cgroup is not mounted. Memory limited without swap.
[INFO] running `Command { std: "docker" "start" "-a" "bc336588f1617b5218cc8e1f0e1830b73b83351d6d93aa6084bc76e55df8509f", kill_on_drop: false }`
[INFO] running `Command { std: "docker" "inspect" "bc336588f1617b5218cc8e1f0e1830b73b83351d6d93aa6084bc76e55df8509f", kill_on_drop: false }`
[INFO] running `Command { std: "docker" "rm" "-f" "bc336588f1617b5218cc8e1f0e1830b73b83351d6d93aa6084bc76e55df8509f", kill_on_drop: false }`
[INFO] [stdout] bc336588f1617b5218cc8e1f0e1830b73b83351d6d93aa6084bc76e55df8509f
[INFO] running `Command { std: "docker" "create" "-v" "/var/lib/crater-agent-workspace/builds/worker-10/target:/opt/rustwide/target:rw,Z" "-v" "/var/lib/crater-agent-workspace/builds/worker-10/source:/opt/rustwide/workdir:ro,Z" "-v" "/var/lib/crater-agent-workspace/cargo-home:/opt/rustwide/cargo-home:ro,Z" "-v" "/var/lib/crater-agent-workspace/rustup-home:/opt/rustwide/rustup-home:ro,Z" "-e" "SOURCE_DIR=/opt/rustwide/workdir" "-e" "CARGO_TARGET_DIR=/opt/rustwide/target" "-e" "CARGO_INCREMENTAL=0" "-e" "RUST_BACKTRACE=full" "-e" "RUSTFLAGS=--cap-lints=forbid" "-e" "CARGO_HOME=/opt/rustwide/cargo-home" "-e" "RUSTUP_HOME=/opt/rustwide/rustup-home" "-w" "/opt/rustwide/workdir" "-m" "1610612736" "--user" "0:0" "--network" "none" "ghcr.io/rust-lang/crates-build-env/linux@sha256:20528e8c29e4536546f0102ce88568b16ea7538393a33fcca951030f7af10457" "/opt/rustwide/cargo-home/bin/cargo" "+ff34b919075f35a1787659e9c448a34b06bab8de" "build" "--frozen" "--message-format=json", kill_on_drop: false }`
[INFO] [stdout] 13f12a53ffc92d4165f52b9fd8db75fdc73abb2eff5c38cf2dfb7b01413b84ff
[INFO] [stderr] WARNING: Your kernel does not support swap limit capabilities or the cgroup is not mounted. Memory limited without swap.
[INFO] running `Command { std: "docker" "start" "-a" "13f12a53ffc92d4165f52b9fd8db75fdc73abb2eff5c38cf2dfb7b01413b84ff", kill_on_drop: false }`
[INFO] [stderr]    Compiling libc v0.2.90
[INFO] [stderr]    Compiling bitflags v1.2.1
[INFO] [stderr]    Compiling syn v1.0.64
[INFO] [stderr]    Compiling lazy_static v1.4.0
[INFO] [stderr]    Compiling log v0.4.14
[INFO] [stderr]    Compiling scopeguard v1.1.0
[INFO] [stderr]    Compiling bit-vec v0.6.3
[INFO] [stderr]    Compiling fixedbitset v0.2.0
[INFO] [stderr]    Compiling khronos-egl v3.0.2
[INFO] [stderr]    Compiling ttf-parser v0.12.0
[INFO] [stderr]    Compiling memchr v2.3.4
[INFO] [stderr]    Compiling cfg_aliases v0.1.1
[INFO] [stderr]    Compiling arrayvec v0.5.2
[INFO] [stderr]    Compiling futures-core v0.3.13
[INFO] [stderr]    Compiling futures-sink v0.3.13
[INFO] [stderr]    Compiling glow v0.7.2
[INFO] [stderr]    Compiling inplace_it v0.3.3
[INFO] [stderr]    Compiling futures-io v0.3.13
[INFO] [stderr]    Compiling copyless v0.1.5
[INFO] [stderr]    Compiling slab v0.4.2
[INFO] [stderr]    Compiling futures-task v0.3.13
[INFO] [stderr]    Compiling xi-unicode v0.3.0
[INFO] [stderr]    Compiling cfg-if v0.1.10
[INFO] [stderr]    Compiling cgmath v0.18.0
[INFO] [stderr]    Compiling fs_extra v1.2.0
[INFO] [stderr]    Compiling glam v0.13.0
[INFO] [stderr]    Compiling hdrldr v0.1.2
[INFO] [stderr]    Compiling num-traits v0.2.14
[INFO] [stderr]    Compiling indexmap v1.6.2
[INFO] [stderr]    Compiling memoffset v0.6.1
[INFO] [stderr]    Compiling num-integer v0.1.44
[INFO] [stderr]    Compiling fxhash v0.2.1
[INFO] [stderr]    Compiling proc-macro2 v1.0.24
[INFO] [stderr]    Compiling lock_api v0.4.2
[INFO] [stderr]    Compiling ash v0.31.0
[INFO] [stderr]    Compiling crossbeam-utils v0.8.3
[INFO] [stderr]    Compiling tracing-core v0.1.17
[INFO] [stderr]    Compiling wgpu-core v0.7.1
[INFO] [stderr]    Compiling futures-channel v0.3.13
[INFO] [stderr]    Compiling bit-set v0.5.2
[INFO] [stderr]    Compiling env_logger v0.8.3
[INFO] [stderr]    Compiling gpu-descriptor-types v0.1.1
[INFO] [stderr]    Compiling gpu-alloc-types v0.2.0
[INFO] [stderr]    Compiling wgpu-types v0.7.0
[INFO] [stderr]    Compiling png v0.16.8
[INFO] [stderr]    Compiling quote v1.0.9
[INFO] [stderr]    Compiling futures-util v0.3.13
[INFO] [stderr]    Compiling petgraph v0.5.1
[INFO] [stderr]    Compiling crossbeam-epoch v0.9.3
[INFO] [stderr]    Compiling crossbeam-channel v0.5.0
[INFO] [stderr]    Compiling crossbeam-deque v0.8.0
[INFO] [stderr]    Compiling owned_ttf_parser v0.12.0
[INFO] [stderr]    Compiling ab_glyph v0.2.10
[INFO] [stderr]    Compiling jobserver v0.1.21
[INFO] [stderr]    Compiling raw-window-handle v0.3.3
[INFO] [stderr]    Compiling parking_lot_core v0.8.3
[INFO] [stderr]    Compiling getrandom v0.1.16
[INFO] [stderr]    Compiling num_cpus v1.13.0
[INFO] [stderr]    Compiling spirv_headers v1.5.0
[INFO] [stderr]    Compiling approx v0.4.0
[INFO] [stderr]    Compiling ordered-float v2.1.1
[INFO] [stderr]    Compiling winit v0.24.0
[INFO] [stderr]    Compiling cc v1.0.67
[INFO] [stderr]    Compiling rayon-core v1.9.0
[INFO] [stdout] error: Please select a feature to build for unix: `x11`, `wayland`
[INFO] [stdout]   --> /opt/rustwide/cargo-home/registry/src/github.com-1ecc6299db9ec823/winit-0.24.0/src/platform_impl/linux/mod.rs:10:1
[INFO] [stdout]    |
[INFO] [stdout] 10 | compile_error!("Please select a feature to build for unix: `x11`, `wayland`");
[INFO] [stdout]    | ^^^^^^^^^^^^^^^^^^^^^^^^^^^^^^^^^^^^^^^^^^^^^^^^^^^^^^^^^^^^^^^^^^^^^^^^^^^^^^
[INFO] [stdout] 
[INFO] [stdout] 
[INFO] [stderr]    Compiling rand_core v0.5.1
[INFO] [stderr]    Compiling glyph_brush_layout v0.2.1
[INFO] [stderr]    Compiling parking_lot v0.11.1
[INFO] [stdout] error[E0392]: parameter `T` is never used
[INFO] [stdout]   --> /opt/rustwide/cargo-home/registry/src/github.com-1ecc6299db9ec823/winit-0.24.0/src/event_loop.rs:32:22
[INFO] [stdout]    |
[INFO] [stdout] 32 | pub struct EventLoop<T: 'static> {
[INFO] [stdout]    |                      ^ unused parameter
[INFO] [stdout]    |
[INFO] [stdout]    = help: consider removing `T`, referring to it in a field, or using a marker such as `PhantomData`
[INFO] [stdout]    = help: if you intended `T` to be a const parameter, use `const T: usize` instead
[INFO] [stdout] 
[INFO] [stdout] 
[INFO] [stdout] error[E0392]: parameter `T` is never used
[INFO] [stdout]   --> /opt/rustwide/cargo-home/registry/src/github.com-1ecc6299db9ec823/winit-0.24.0/src/event_loop.rs:43:34
[INFO] [stdout]    |
[INFO] [stdout] 43 | pub struct EventLoopWindowTarget<T: 'static> {
[INFO] [stdout]    |                                  ^ unused parameter
[INFO] [stdout]    |
[INFO] [stdout]    = help: consider removing `T`, referring to it in a field, or using a marker such as `PhantomData`
[INFO] [stdout]    = help: if you intended `T` to be a const parameter, use `const T: usize` instead
[INFO] [stdout] 
[INFO] [stdout] 
[INFO] [stdout] error[E0392]: parameter `T` is never used
[INFO] [stdout]    --> /opt/rustwide/cargo-home/registry/src/github.com-1ecc6299db9ec823/winit-0.24.0/src/event_loop.rs:196:27
[INFO] [stdout]     |
[INFO] [stdout] 196 | pub struct EventLoopProxy<T: 'static> {
[INFO] [stdout]     |                           ^ unused parameter
[INFO] [stdout]     |
[INFO] [stdout]     = help: consider removing `T`, referring to it in a field, or using a marker such as `PhantomData`
[INFO] [stdout]     = help: if you intended `T` to be a const parameter, use `const T: usize` instead
[INFO] [stdout] 
[INFO] [stdout] 
[INFO] [stdout] error[E0392]: parameter `T` is never used
[INFO] [stdout]    --> /opt/rustwide/cargo-home/registry/src/github.com-1ecc6299db9ec823/winit-0.24.0/src/platform_impl/linux/mod.rs:532:20
[INFO] [stdout]     |
[INFO] [stdout] 532 | pub enum EventLoop<T: 'static> {
[INFO] [stdout]     |                    ^ unused parameter
[INFO] [stdout]     |
[INFO] [stdout]     = help: consider removing `T`, referring to it in a field, or using a marker such as `PhantomData`
[INFO] [stdout]     = help: if you intended `T` to be a const parameter, use `const T: usize` instead
[INFO] [stdout] 
[INFO] [stdout] 
[INFO] [stdout] error[E0392]: parameter `T` is never used
[INFO] [stdout]    --> /opt/rustwide/cargo-home/registry/src/github.com-1ecc6299db9ec823/winit-0.24.0/src/platform_impl/linux/mod.rs:539:25
[INFO] [stdout]     |
[INFO] [stdout] 539 | pub enum EventLoopProxy<T: 'static> {
[INFO] [stdout]     |                         ^ unused parameter
[INFO] [stdout]     |
[INFO] [stdout]     = help: consider removing `T`, referring to it in a field, or using a marker such as `PhantomData`
[INFO] [stdout]     = help: if you intended `T` to be a const parameter, use `const T: usize` instead
[INFO] [stdout] 
[INFO] [stdout] 
[INFO] [stdout] error[E0392]: parameter `T` is never used
[INFO] [stdout]    --> /opt/rustwide/cargo-home/registry/src/github.com-1ecc6299db9ec823/winit-0.24.0/src/platform_impl/linux/mod.rs:666:32
[INFO] [stdout]     |
[INFO] [stdout] 666 | pub enum EventLoopWindowTarget<T> {
[INFO] [stdout]     |                                ^ unused parameter
[INFO] [stdout]     |
[INFO] [stdout]     = help: consider removing `T`, referring to it in a field, or using a marker such as `PhantomData`
[INFO] [stdout]     = help: if you intended `T` to be a const parameter, use `const T: usize` instead
[INFO] [stdout] 
[INFO] [stdout] 
[INFO] [stdout] error: aborting due to 7 previous errors
[INFO] [stdout] 
[INFO] [stdout] 
[INFO] [stdout] For more information about this error, try `rustc --explain E0392`.
[INFO] [stdout] 
[INFO] [stderr] error: could not compile `winit`
[INFO] [stderr] 
[INFO] [stderr] To learn more, run the command again with --verbose.
[INFO] [stderr] warning: build failed, waiting for other jobs to finish...
[INFO] [stderr] error: build failed
[INFO] running `Command { std: "docker" "inspect" "13f12a53ffc92d4165f52b9fd8db75fdc73abb2eff5c38cf2dfb7b01413b84ff", kill_on_drop: false }`
[INFO] running `Command { std: "docker" "rm" "-f" "13f12a53ffc92d4165f52b9fd8db75fdc73abb2eff5c38cf2dfb7b01413b84ff", kill_on_drop: false }`
[INFO] [stdout] 13f12a53ffc92d4165f52b9fd8db75fdc73abb2eff5c38cf2dfb7b01413b84ff
